g(n) = -n**3 - 11*n**2 - 11*n + 22. What is the tens digit of g(-10)?
3
Suppose -4*d = -3*z + 5*z - 16, 0 = -3*z + 5*d - 20. What is the tens digit of 14 - (-4 - -3 - z)?
1
Suppose 5*r - 146 = -3*w, 5*w - 408 + 156 = -4*r. What is the units digit of w?
2
Suppose 120 = 3*r - o, -2*r - 2*o + 87 = -5*o. Suppose 1 = 2*s - 3. Suppose -s*a = a - r. What is the units digit of a?
3
Let t = -41 - -153. What is the units digit of t?
2
Let o = -4 + 10. What is the units digit of o?
6
Suppose -r + 2*j = -j - 110, -4*j + 210 = 2*r. What is the units digit of r?
7
Let w = -5 - -46. What is the tens digit of w?
4
Let u(x) = -x**2 - x + 74. What is the units digit of u(0)?
4
Let k = -9 + 0. Let x = k + 24. What is the tens digit of x?
1
Let j = -27 + 49. What is the tens digit of j?
2
Let a(i) be the first derivative of -5*i**2 - i - 1. Let w be 2 + (-6)/4*2. What is the units digit of a(w)?
9
Suppose -j + 44 = -20. Suppose 0*o + 3*a = 2*o - 36, 0 = 4*o - 4*a - j. What is the units digit of o?
2
Let x(t) = t**3 + 12*t**2 + 16*t - 5. What is the units digit of x(-7)?
8
Let n = 19 - -10. Suppose 5*g - 2*a - n - 43 = 0, 4*g = 3*a + 52. What is the tens digit of g?
1
Suppose -60 = -2*k + 4*x, 3*k + x - 55 = -0*x. What is the tens digit of 131/7 + k/70?
1
Let t(p) = 5*p**2 + 3*p - 2. What is the units digit of t(-3)?
4
Suppose -487 - 521 = -9*p. What is the tens digit of p?
1
Let p(u) = -4*u - 7*u + 3*u. What is the tens digit of p(-3)?
2
Let q(w) = 7*w - 5. What is the tens digit of q(5)?
3
Let c(g) = g**2 + 2*g - 4. Let l be c(-4). Let i = l + -1. Suppose -2*m + 50 = i*m. What is the tens digit of m?
1
Suppose -3*f = -f. Suppose -5*a + 2*j = -96, f*a + 5*j = -5*a + 110. Suppose 6*z = 4*z + a. What is the tens digit of z?
1
Let t = 10 + -6. Suppose 0 = -2*u + t*m + 14, -34 = -4*u + 4*m + m. What is the tens digit of u?
1
Let l(f) = f**2 + 6*f + 6. What is the units digit of l(-5)?
1
Suppose 4*q - 25 = -q. Suppose -q*g + 84 = 4*d, 2*g + d - 35 = -2. What is the units digit of g?
6
Let b(t) = -t**3 - 7*t**2 + 7*t + 7. Let m be -3 - 4/(-2) - 7. What is the tens digit of b(m)?
1
Suppose -8*l + 4*l + 40 = 0. Suppose 0*d - 5*d + l = 0. Suppose -5*t + 1 - 4 = v, d*t + 6 = 0. What is the tens digit of v?
1
Let n(g) = 2*g + 13. Let p be n(6). Suppose 5*x - 25 = -a + 1, -4*x - 5*a + p = 0. What is the units digit of x?
5
Let w be 8/5 + (-2)/(-5). Suppose p = 3, w*q - 5*p + 2 = -p. What is the units digit of q?
5
Let p = 286 + -164. What is the units digit of p?
2
Let j(n) = n**3 + 5*n**2 + 2*n - 6. Let y be j(-5). Let u = 38 - y. What is the units digit of u?
4
Let f(m) = m**3 - 14*m**2 + 5*m - 23. What is the units digit of f(14)?
7
Let y(f) = 7*f**2 - 7*f - 4. Let z(o) = 20*o**2 - 20*o - 11. Let k(h) = -17*y(h) + 6*z(h). What is the units digit of k(3)?
8
Suppose -2*r + 78 = 4*r. What is the tens digit of r?
1
Let r(v) = v**3 + 5*v**2 + 2*v + 1. Let i be r(-5). Let u be (-21)/i + (-4)/(-6). Let x = u + -2. What is the units digit of x?
1
Let c be (3 - (-14)/(-4))*-4. Let l(d) = -d**3 + 4*d**2 - 5 + d + 5*d**2 - 2*d**c. What is the units digit of l(7)?
2
Suppose -y = i - 160 + 60, y - 2*i - 112 = 0. What is the tens digit of y?
0
Let a be 1 + (-1)/((-1)/8). Suppose 0 = -n - 2*n + a. Let g = n - 1. What is the units digit of g?
2
Let r be 2/(-8) - 41/(-4). Let j(o) = -o**3 + 9*o**2 + 13*o - 6. What is the tens digit of j(r)?
2
Let b(s) = -22*s + 3. What is the tens digit of b(-3)?
6
Let n(k) be the second derivative of -1/12*k**4 - 11/6*k**3 + 0 + 4*k - 1/2*k**2. What is the units digit of n(-9)?
7
Let s be 4 - (-1 + 2 + 0). Suppose -2*f - 140 = -7*f. Suppose 58 = s*j + 5*q, 2*j + j - q = f. What is the tens digit of j?
1
Suppose 2*g = 5*x + 1 - 9, -5*g - 2*x = -9. What is the units digit of g?
1
Let m be 80/(-6) + 1/3. What is the units digit of (-2)/m - 4545/(-117)?
9
Suppose -v - 3*b + 7 = 0, -83 = -5*v + 2*b - b. What is the tens digit of v?
1
Let c(b) = 3*b**3 - 2*b + 1. Let o be c(1). Let u = -1 + o. What is the units digit of 2/u - 0/(-5)?
2
Suppose 3*t = t - 30. Let r = 44 + t. What is the tens digit of r?
2
Let v = 9 - 32. Suppose 4*l - 31 - 19 = -a, 5*a + l = 193. Let u = a + v. What is the tens digit of u?
1
What is the tens digit of 83 - (3/1 - 7)?
8
Let q(z) = -9*z + 35. What is the units digit of q(3)?
8
Suppose -4*u = -3*p - 306, -4*u - 5*p = -2*u - 140. What is the tens digit of u?
7
Suppose -2*b - 4*l = -4, -2*b - 2*l - 16 = -4*b. Suppose -2*r - b = -74. What is the tens digit of r?
3
Let y(m) = 4*m - 1. Let r be y(-1). Let g(x) = -x**2 - 6*x - 1. What is the units digit of g(r)?
4
Suppose 4*n - n - 27 = 0. Let i be (-4)/6 - 75/n. Let w = -6 - i. What is the units digit of w?
3
Let v(q) = q**3 - 21*q**2 + 20*q - 66. What is the tens digit of v(21)?
5
Suppose 5*g - 2*g - 501 = 2*n, 2*n - 682 = -4*g. What is the hundreds digit of g?
1
Let g = -20 - -63. What is the units digit of g?
3
Suppose -2*a - d - 9 = 6, -2*a + 3*d - 3 = 0. Let p(f) = f**3 + 5*f**2 - 6*f + 8. What is the units digit of p(a)?
8
Let n(s) = -s + 45. What is the units digit of n(-5)?
0
Let z = -9 - -13. Suppose 0 = 2*g + 3*j + 7, 0*g + 5*j = 2*g - 17. What is the units digit of 0/3 + (z - g)?
3
Let x = -162 + 227. What is the tens digit of x?
6
Let f be (-12)/(-8)*(-74)/3. Let p = 2 - f. What is the tens digit of p?
3
Let m = 13 - 9. Suppose -3*p = -5*c + 9 + 19, -5*c - m*p + 21 = 0. What is the units digit of c?
5
Let w(h) be the third derivative of h**5/15 + h**4/12 - h**3/6 - 4*h**2. What is the units digit of w(1)?
5
Let d be 2*15/6 - 0. Suppose d*z + 2 = 17. Suppose 0 = -4*k - z*f + 32, -2*k - 2*f - 32 = -6*k. What is the units digit of k?
8
Suppose -3*j - 3*t = -6, -5*j - 2*t + 5*t - 22 = 0. Let w be (j/3)/((-5)/(-15)). What is the units digit of (2 - (w + 7))/(-1)?
3
Suppose 0 = -4*b + 17 + 107. What is the tens digit of b?
3
Let u(v) = -v**3 + 10*v**2 + 1. Let o be u(10). Let f(w) = w**2 - w - 3. Let p be f(3). Suppose 0 = p*m - o - 32. What is the tens digit of m?
1
Let x(k) = -k**2 + 5*k - 5. Let d be x(5). Let u = d - -7. Let s = u + 0. What is the units digit of s?
2
Suppose -2*g + x + 7 = 0, 4*x = 3*g + 5 - 13. What is the units digit of (-2 + -2)/(g/(-10))?
0
Let m(q) = -17*q + 1. Let z be m(-1). Let o be 3/2*24/z. Suppose -5*v - 1 - 13 = -o*c, -3*c = -v - 21. What is the units digit of c?
7
What is the units digit of -9*(-1 + (-28)/(-36))?
2
Suppose -3 - 7 = -2*g. Let b(w) = -w**3 + 5*w**2 + w + 2. What is the units digit of b(g)?
7
What is the hundreds digit of (-1)/(7311/(-1218) - -6)?
4
Suppose 3*j - 9 = -2*c - c, 2*c - 5*j + 8 = 0. Suppose 3*q - c = 11. What is the units digit of q?
4
Let c(t) = -t**3 - 4*t**2 + 2*t. What is the units digit of c(-6)?
0
Let y = 5 - 2. Suppose y*n + 48 = -n. What is the units digit of (112/n)/((-4)/6)?
4
Let x(m) = -m - 2. Let t be x(-4). Suppose t*y - 13 = 11. What is the units digit of y?
2
Suppose 0*p + 100 = -5*p. Let i be (-3 + 0)*112/(-12). Let k = p + i. What is the units digit of k?
8
Suppose 4*z - 10 = 10. What is the units digit of z?
5
Let a(m) be the third derivative of -m**4/12 - 7*m**3/6 + 3*m**2. What is the units digit of a(-4)?
1
Suppose -37 = -4*v - 5*x, 5*x = -0*v + v - 3. Let h(l) = -l**2 + 9*l + 6. What is the units digit of h(v)?
4
What is the units digit of -2*(47/(-2) - -2)?
3
Let f(b) = 0 - 3*b**2 - 2*b**2 - 4 - 5*b + b**3. Let x(q) = q**3 - 3*q**2 + q + 3. Let w be x(3). What is the units digit of f(w)?
2
Let z = -32 + -46. Let p = -52 - z. What is the tens digit of p?
2
Let n = -128 + 204. What is the tens digit of n?
7
Let o(c) = 4*c**2 - 6*c - 6. What is the units digit of o(-3)?
8
Let c(s) be the second derivative of s**4/24 + 11*s**3/6 - s**2/2 - 2*s. Let n(w) be the first derivative of c(w). What is the units digit of n(-8)?
3
Suppose 2 = -a, a = -5*u - 0*a + 28. Let h = 1 + u. What is the units digit of h?
7
Let q(k) = -k. Let w be q(2). Let s be 4 - (2 + w + 2). Suppose s*b + 0*f - f - 4 = 0, f = 0. What is the units digit of b?
2
Suppose 5*s - 8 = 3*s. Let j(l) = l**2 - 3*l + 5. Let o be j(s). Suppose 5*t - 5*r + o = 44, 5*t + 5*r = 5. What is the units digit of t?
4
Let d(h) = -6*h - 1. Let g be d(1). Let p(o) = o**3 + 7*o**2 - o + 1. What is the units digit of p(g)?
8
Suppose -419 + 113 = -3*p. Wha